ert -760655 (base 8) to base 3.
-110220221112
What is -43015150 (base 7) in base 16?
-37b6f7
What is 62ece (base 16) in base 12?
1765a6
Convert -4426636 (base 7) to base 8.
-2050355
Convert -11231635 (base 8) to base 6.
-124131125
What is -1793638 (base 13) in base 15?
-a1da41
Convert -608bc (base 15) to base 9.
-515336
-17324407 (base 8) to base 4
-33122210013
ac28 (base 13) to base 6
303132
What is 11000110111101000001 (base 2) in base 9?
1471758
What is 11289 (base 12) in base 16?
5949
100001000110000001 (base 2) to base 14
37585
What is -11100110110100000010 (base 2) in base 5?
-220223120
What is -2021133121 (base 4) in base 16?
-897d9
-13a87 (base 15) to base 11
-43479
-100000000100001 (base 2) to base 3
-211112001
455111 (base 13) to base 16
1902e9
Convert 163471 (base 9) to base 2.
11000101001111110
Convert -123230041 (base 7) to base 6.
-435145224
-2211120002220 (base 3) to base 12
-608089
6484480 (base 9) to base 12
11ba316
What is -538428 (base 9) in base 4?
-1032121112
What is -d4eac (base 15) in base 4?
-2210301321
2ea902 (base 16) to base 9
5670611
139459 (base 10) to base 8
420303
23285188 (base 9) to base 3
210022212012222
Convert 18c66 (base 13) to base 9.
73160
Convert -183751 (base 9) to base 4.
-123322201
Convert 10ba291 (base 12) to base 16.
31500d
-ac7c (base 16) to base 4
-22301330
Convert 42261 (base 8) to base 12.
a215
What is -312530 (base 9) in base 11?
-117496
Convert 122022210 (base 4) to base 11.
7357a
Convert 20873380 (base 9) to base 14.
14a7d0b
What is -4e7790 (base 16) in base 11?
-29a2634
60430 (base 8) to base 10
24856
Convert 202233331112 (base 4) to base 3.
122010210122202
Convert -638d (base 16) to base 6.
-313553
Convert -22020021012100 (base 3) to base 8.
-20540531
30134122 (base 5) to base 7
2016311
What is -11112212112 (base 3) in base 6?
-1530405
What is -686152 (base 10) in base 2?
-10100111100001001000
What is 61011 (base 15) in base 2?
1001010111111000101
10100001200212 (base 3) to base 14
342060
Convert -70367b (base 12) to base 10.
-1747967
11111000000110111 (base 2) to base 3
20110020212
-4020524 (base 6) to base 3
-100121211021
-fcce4 (base 16) to base 2
-11111100110011100100
Convert -543730 (base 9) to base 10.
-324270
-4ae252 (base 16) to base 15
-66e187
What is -17827 (base 11) in base 14?
-9147
-1615845 (base 9) to base 3
-1200112221112
Convert 110120331 (base 4) to base 10.
83517
Convert 110001111000111010001111 (base 2) to base 12.
4468467
What is 1735a (base 11) in base 14?
8c5c
135a2a5 (base 11) to base 8
10735322
What is -4b66ab (base 12) in base 14?
-241dd1
What is 3123477 (base 8) in base 13?
2305a3
What is 1483411 (base 10) in base 8?
5521223
Convert 21124 (base 14) to base 4.
103132330
Convert -1c4991 (base 13) to base 14.
-14c028
Convert -12161 (base 14) to base 3.
-2020121111
288001 (base 9) to base 13
623b9
Convert 560512 (base 15) to base 6.
223525355
-302812 (base 11) to base 16
-76d8c
Convert -2cc7bb5 (base 13) to base 8.
-67144204
-302bc6 (base 14) to base 2
-110001011110100101010
26221 (base 14) to base 13
33870
What is -1010420 (base 5) in base 2?
-11111111101000
Convert -18e51b (base 15) to base 12.
-4a5a08
What is -112101001121 (base 3) in base 4?
-1011010033
e917 (base 15) to base 8
140221
Convert 261786 (base 11) to base 3.
202221110102
What is -41563321 (base 7) in base 5?
-1344331303
-954162 (base 11) to base 14
-2bacb7
6a9813 (base 12) to base 14
329a7d
What is 201103323210 (base 4) in base 12?
2b11570
Convert 100001120101 (base 3) to base 14.
48d91
Convert 101203013 (base 4) to base 2.
10001100011000111
What is 4458206 (base 10) in base 4?
101000123132
-81b872 (base 15) to base 16
-5e10b1
What is -1332002011 (base 4) in base 12?
-20a8b1
-2004b0 (base 12) to base 14
-cd8a0
Convert -b70b3 (base 12) to base 4.
-322223013
1a36b8 (base 12) to base 15
92005
What is -2682a (base 11) in base 15?
-b513
-1222300040 (base 5) to base 12
-b94406
What is -2405411 (base 6) in base 11?
-86445
What is 753684 (base 9) in base 13?
129427
Convert 14adb6 (base 16) to base 14.
273c34
Convert -143036 (base 9) to base 6.
-1513053
-10303427 (base 10) to base 6
-1004501015
-3217603 (base 8) to base 15
-11ec5a
What is -598503 (base 16) in base 11?
-3347864
What is -190745 (base 12) in base 4?
-1222210211
Convert -a3b94 (base 13) to base 14.
-792cd
Convert -4a88911 (base 12) to base 10.
-14613277
What is -4031444 (base 6) in base 14?
-4d7da
-21020000220 (base 3) to base 4
-202231203
2104bd (base 14) to base 3
2002122111212
-b604d (base 14) to base 6
-13224525
Convert -241141 (base 5) to base 10.
-8921
-11367 (base 15) to base 9
-83117
Convert 7d104 (base 14) to base 11.
198a97
-10532035 (base 6) to base 3
-121102021212
Convert 98799 (base 12) to base 6.
4153113
Convert -994770 (base 10) to base 11.
-61a427
-1100101111000000011 (base 2) to base 9
-705357
Convert -213002220 (base 5) to base 2.
-11011101010101000000
What is -d300 (base 15) in base 14?
-12342
-7334872 (base 10) to base 8
-33765730
Convert -414411400 (base 5) to base 3.
-10020012120011
-12344350 (base 6) to base 8
-1422512
20110210201101 (base 3) to base 7
41150056
What is 11120112001211 (base 3) in base 14?
47405a
-200972 (base 11) to base 16
-4eec6
What is -200174 (base 8) in base 3?
-10100001212
Convert -1d6d4 (base 15) to base 8.
-273461
-19a46d (base 14) to base 9
-1638780
What is 272a19 (base 13) in base 14?
1a99c7
What is 1473567 (base 10) in base 8?
5476037
a19633 (base 14) to base 11
30880a4
Convert -2241444 (base 8) to base 9.
-1124587
What is -217e3 (base 16) in base 7?
-1110651
94203 (base 12) to base 7
1435044
What is 871614 (base 9) in base 13?
152632
Convert -3a827 (base 16) to base 12.
-b6833
Convert -200251 (base 6) to base 4.
-3310213
What is 20000211002 (base 3) in base 9?
200732
What is -1127471 (base 10) in base 16?
-11342f
Convert -126c69a (base 14) to base 13.
-1ab7397
44280 (base 11) to base 2
1111101011011010
10025705 (base 9) to base 12
1735b58
Convert 21366550 (base 8) to base 10.
4582760
What is -16cb0d (base 15) in base 16?
-10e0c1
Convert -112200201120112 (base 3) to base 16.
-7726e2
-244450 (base 7) to base 8
-127425
What is 3b25c7 (base 13) in base 6?
50420204
-1192a (base 16) to base 9
-118655
What is 1705460 (base 9) in base 11?
598942
Convert 100010022100 (base 3) to base 11.
1129a6
Convert -1001101011111111000 (base 2) to base 14.
-8397a
Convert 4e37d (base 16) to base 4.
1032031331
Convert -91364 (base 10) to base 3.
-11122022212
Convert -2142131 (base 6) to base 8.
-320407
-6a (base 12) to base 4
-1102
-437587 (base 9) to base 8
-776532
Convert b804c (base 15) to base 10.
583947
11010101100001010 (base 2) to base 15
225d2
Convert 15422171 (base 9) to base 8.
35255527
8e59 (base 16) to base 14
d3cd
What is -14245872 (base 9) in base 4?
-122323000121
What is 1664315 (base 7) in base 14?
6160c
Convert 110002012122 (base 3) to base 12.
b5752
-41699 (base 16) to base 10
-267929
-13c50 (base 15) to base 5
-4013100
Convert -2708583 (base 12) to base 15.
-a29d90
What is 1821712 (base 14) in base 13?
2611589
-10000101100010111100 (base 2) to base 6
-15420232
-412420223 (base 5) to base 2
-110011011100010111000
Convert 3cceb (base 15) to base 9.
326805
What is a8aa3 (base 14) in base 16?
63a97
Convert -4130022202 (base 5) to base 16.
-80c50c
What is -11000001011000 (base 2) in base 7?
-51040
Convert -1315140 (base 6) to base 2.
-10001101011100100
What is -211112111211101 (base 3) in base 9?
-24474741
What is -1c1540 (base 13) in base 14?
-1494ab
-13126505 (base 7) to base 6
-41421235
Convert 41126404 (base 8) to base 6.
510210500
Convert -263486 (base 9) to base 2.
-100111000100110101
What is 81837 (base 12) in base 7?
1302106
What is -95bc5 (base 13) in base 11?
-174994
Convert -2160577 (base 9) to base 6.
-40522324
Convert -149968 (base 10) to base 6.
-3114144
What is -101110111111011111101 (base 2) in base 10?
-1539837
177776 (base 10) to base 9
300768
Convert 341260 (base 8) to base 5.
12143001
What is -22236763 (base 8) in base 15?
-64c342
4776633 (base 9) to base 12
a4a970
What is -1212212234 (base 5) in base 3?
-12100211202112
1283562 (base 11) to base 13
5c752a
Convert 312211113 (base 4) to base 16.
36957
Convert -1217606 (base 12) to base 7.
-41616444
What is 981b2 (base 16) in base 14?
12